m?
0
Let u = -24 + 16. Let m be (1 + u/6)*6. What is the units digit of (-6)/m + 2 - -3?
8
Let b = -31 + 129. What is the tens digit of b?
9
Let h(k) = 2*k - 4. Let u = 0 + 3. Let r be h(u). Suppose 0*x = r*x - 10. What is the units digit of x?
5
Let o = -9 - -13. What is the units digit of o?
4
Let z(s) = 3*s + 61. Let b be z(-19). Let u = -2 - -5. Let w = b - u. What is the units digit of w?
1
Let l = 74 - -4. What is the units digit of l?
8
Let r be 310/6 - 2/3. Let j = r - 29. What is the units digit of j?
2
Let u = 961 - 568. What is the units digit of u?
3
Suppose 2*n - 8 - 2 = 0. Suppose 2*i - 8 = o, -9 = -n*o + 1. What is the units digit of i?
5
Suppose -2*f + 2*x = -14, -3*f = -0*f - 2*x - 17. Suppose 38 = -a + f*a. What is the tens digit of a?
1
Suppose -n = -6*n + 105. Let v(f) = 4*f - 1. Let k be v(-3). Let w = k + n. What is the units digit of w?
8
Suppose 5*w = -b - 5, 2*w - 1 = -3*b + 3*w. Let d(r) = r**2 - r + 1. Let l(q) = 5*q**2 - 7*q + 13. Let m(u) = -6*d(u) + l(u). What is the units digit of m(b)?
7
Suppose 3*h + 180 = 6*h. Suppose 0*c - 4*c = -h. What is the tens digit of c?
1
Let h be 23/(-4) + (-1)/4. Let s(c) be the third derivative of c**6/120 + c**5/10 - c**4/12 - 7*c**3/6 + c**2. What is the units digit of s(h)?
5
Suppose 0 = 4*y - f - 63, f - 51 = -3*y - 2. What is the units digit of y?
6
Let k = 5 - 3. Let l(x) = -x**3 + 9 + x + k*x - 2*x. What is the units digit of l(0)?
9
Let p be (-4)/26 + (-112)/(-52). Suppose 92 = 4*z - 5*q + q, p*z - 51 = -3*q. What is the tens digit of z?
2
Let x(z) be the third derivative of z**6/120 + 3*z**5/20 + z**4/6 + 2*z**3 - 6*z**2. What is the tens digit of x(-8)?
4
Suppose -22*q = -18*q - 32. What is the units digit of q?
8
Let p(d) = -42*d. Let k be p(-1). Suppose -j - j - k = 0. What is the units digit of (-19)/(-7) + (-6)/j?
3
Let t(u) = -2*u - 8. Let a be t(-7). Suppose -5 - a = -h. What is the tens digit of h?
1
Suppose -2*k = -4*k + 92. What is the units digit of k?
6
Suppose -2*f - 2*v + 10 = 0, 2*v + 2 = 2*f - 0. Let u = -6 + f. What is the units digit of 36/(-8)*2/u?
3
Let k(d) = 9*d + 12. What is the hundreds digit of k(28)?
2
Let a(p) = -p**2 + 9*p - 6. What is the tens digit of a(4)?
1
Suppose -5*j - 27 = 33. Let n = 1 - j. Let x = n + -8. What is the units digit of x?
5
Let t = 13 + -7. Let u be 0 + 0 - (-24)/t. Suppose -4*g + 12 - u = 0. What is the units digit of g?
2
Let c = -2 + 4. Suppose -2*m - 5*u = m + 25, -16 = 4*m - c*u. What is the units digit of 5/(-2)*4/m?
2
Suppose -2*o = -10*o + 1592. What is the tens digit of o?
9
Let j = -12 + 50. Suppose q + 4*q = -g - 148, -q - j = 3*g. Let r = q + 40. What is the tens digit of r?
1
Suppose 2*d = -d + 4*s + 14, -2*d - s = -2. Suppose -53 = -d*h + 25. What is the units digit of h?
9
Let x be (-28)/(-6) + 5/15. Suppose 0 = 2*a - 2*q - 8, -3*a + x*q + 5 + 9 = 0. What is the units digit of (a*-2*3)/(-2)?
9
Let l(m) = -m**3 - 10*m**2 - 10*m - 7. Let u be l(-9). Suppose u*y - 5 - 7 = 0. What is the units digit of y?
6
Let x = 233 + 42. What is the tens digit of x?
7
Let q be 2/4 + 15/10. Suppose -3*h + 75 = q*h. What is the units digit of h?
5
Suppose 0 = 4*h - 10*h + 1110. What is the tens digit of h?
8
Let m(t) = -3*t - 1. Let o be m(2). Let z be (-16)/o + 6/(-21). Suppose 3*b - 30 = -z*b. What is the units digit of b?
6
Suppose -2*g = 5*k - 33, -g = -2*g - 2*k + 15. What is the units digit of g?
9
Suppose -5*d - 480 = -3*j, 6*d = -2*j + 9*d + 320. What is the hundreds digit of j?
1
Let i = 113 + -67. What is the tens digit of i?
4
Let l be -1 + 0 - (-8 + -2). Suppose 1 = -s + l. Suppose -s*a = f - 3*a - 20, 3*f = a + 28. What is the units digit of f?
0
Let s be 457/3 - 13/39. What is the units digit of s/5 - (-10)/(-25)?
0
Let n(t) = t**3 - 5*t**2 - 4*t - 7. Let k be 6 + 1/1 - 1. What is the units digit of n(k)?
5
Let g(f) = f**2 + 3*f. Let q be g(-6). Suppose -3*z + 5*j = -53, -4*z + 2*z = j - q. What is the tens digit of z?
1
What is the units digit of ((-69)/(-6))/((-1)/(-2))?
3
Suppose 6*l - 132 = 2*l. What is the tens digit of l?
3
Let r be ((-2)/3)/((-1)/6). Let p be r - (2 - (3 + -2)). Suppose -3*x = -3*g + 33, p = 4*x + 23. What is the units digit of g?
6
Suppose f = -5*r - f + 1060, r + 3*f = 225. What is the units digit of r?
0
Let v(j) be the second derivative of j**4/12 + 7*j**3/6 - 7*j**2 - 3*j. What is the units digit of v(-11)?
0
Let o(r) = r**2 + 3*r - 1. Let t be o(-4). Suppose t*y = 5*y - 8. What is the units digit of y/18 + (-316)/(-36)?
9
Let x(g) = g**2 - g. Let q be x(-1). Suppose -4*t = 5*y - 0 - q, 0 = -5*t + 4*y + 23. Let r = t - -3. What is the units digit of r?
6
Suppose 348 = 5*i - 622. What is the units digit of i?
4
Let d(l) = -l**2 + 9*l + 10. What is the units digit of d(6)?
8
Suppose -o = 1, -4*f + 8*f = 5*o + 265. What is the tens digit of f?
6
Suppose -g - 23 + 162 = 0. What is the units digit of g?
9
Suppose 3 = 2*p + t, p - 3*p + 1 = -t. Let r = p - -1. Suppose u - r = 0, h - 3*u = 4*h - 60. What is the tens digit of h?
1
Suppose q - 559 = -2*q + 4*z, -2*q = -4*z - 378. What is the hundreds digit of q?
1
Let a(k) = 9*k**2 + 4*k + 2. What is the units digit of a(-2)?
0
Let j(f) = 2*f - 1. Suppose -4*u + 5*h + 3 = -3, h = 2*u. Let m = 1 - u. What is the units digit of j(m)?
3
Suppose 0 = -2*l + 9 - 21. Let m(v) = -2*v - 8. Let y be m(l). Let i(n) = n**3 - 4*n**2 + n + 2. What is the units digit of i(y)?
6
Suppose 0 = -3*f - 2 + 14. Let r = 10 - f. What is the units digit of r?
6
Let q(b) = -b - 6. What is the units digit of q(-8)?
2
Let k(w) = w**2 + 4*w - 4. Let s be k(-6). Let j(b) = b**2 - 8*b + 9. What is the units digit of j(s)?
9
Let a be (-1)/((0 + 3)/24). What is the units digit of (-14)/a - 6/(-24)?
2
Let f(i) = -i**3 - 2*i**2 + 1. Suppose -o + 2*r - 12 = 3*o, 5*o + 4 = -3*r. Let p be o/(-3) + 8/(-3). What is the units digit of f(p)?
1
Let i(p) = -p**3 - 4*p**2 + 4*p - 2. Let r be i(-5). Suppose 0 = -4*s + 2*o + 3*o + 56, -4*o + 42 = r*s. What is the tens digit of s?
1
Suppose -8*m + 2064 = 4*m. What is the hundreds digit of m?
1
What is the tens digit of (14 - -3) + -1 + 1 + 1?
1
What is the tens digit of 1 + (0 - 2) + 122?
2
Let w be (-3)/(-2 - 6/(-4)). Let u(x) = 5*x**3 + 4*x + 0*x**3 - 4 - 4*x**3 - 6*x**2 - 2*x. What is the units digit of u(w)?
8
Let z = 8 - 11. Let r(a) = -1 + a - 5*a - 3. What is the units digit of r(z)?
8
What is the units digit of -9*((-2)/(-6))/(-1 - 0)?
3
Let w be (3 + 0)*(4 - 0). Let x(a) = -2*a + 6. Let o be x(3). Suppose o = -z - 2*z + w. What is the units digit of z?
4
Let p(l) = -2*l**3 + 7*l**2 + 5*l - 13. What is the hundreds digit of p(-4)?
2
Suppose -5*v - 2*n + 106 = 0, -5*v + 195 - 83 = 4*n. What is the tens digit of v?
2
What is the units digit of (-2670)/(-135) + (-4)/(-18)?
0
Let d be (12/30)/((-2)/(-20)). Suppose d*z = -z + 5*p + 5, 1 = -3*z + 4*p. Suppose m = 3*o - 2*o - 10, -z*o + m + 54 = 0. What is the units digit of o?
1
Let v(l) be the second derivative of -l**5/5 - l**4/12 + l**2 - l. Let g be v(-2). Suppose 3*h - g = -2*h. What is the units digit of h?
6
Let f = -2 + 19. What is the units digit of f?
7
Let a(i) = i**3 - 5*i**2 + 6*i - 4. Let r be a(4). Let p(f) = -2*f**3 - 5*f**2 - 5*f - 3. Let x be p(-3). Let v = x - r. What is the units digit of v?
7
What is the tens digit of (-2 + 1)/(2/(-94))?
4
Let r = 19 + 30. What is the tens digit of r?
4
Let i(o) = -4*o**3 - o**2 + 1. Let v be i(-1). Suppose v*w - 32 = -p, 0 = w - 0*w - 4*p + 9. What is the units digit of w?
7
Let t(v) be the first derivative of -v**4/4 + 2*v**3 - v**2/2 + 8*v + 3. What is the units digit of t(6)?
2
Let h be (9/(-6))/((-2)/(-4)). What is the units digit of -6 - (-6 - h) - -14?
1
Let f(w) = w**3 - 12*w**2 + 12*w - 6. Let o be f(11). Suppose -x - o*g - 5 = 0, 0*x - 3*g = -5*x + 87. What is the tens digit of x?
1
Suppose 21*v - 768 = 15*v. What is the units digit of v?
8
Let d = 12 + -6. Let f = 11 - d. What is the units digit of f?
5
Suppose 22 = o + o. What is the tens digit of o?
1
Suppose -3*z + 3*t = -45, -2*t + 4*t = -5*z + 68. Let a be (-4)/z - 48/(-21). Let v = 15 - a. What is the units digit of v?
3
Suppose 3*u = -0*n - 2*n + 95, -169 = -5*u + 2*n. What is the units digit of u?
3
Let j = 172 + -121. What is the units digit of j?
1
Suppose -4